3 - -3) + -3 - 6 - 1?
-4
Calculate 14 + 10 + -3 + -31.
-10
Calculate 0 + -6 - (-3 + -1).
-2
What is (0 - (4 - 6) - 5) + 1?
-2
What is 3 + -9 + -2 + 4?
-4
Calculate -10 - (-22 - -5 - -10).
-3
Calculate (-8 - -3) + -4 + 10.
1
What is the value of 8 + (-8 - (-1 - -5))?
-4
-8 + (-9 - -11) + 14
8
Calculate -3 + (3 - (4 - -2)) + 7.
1
Calculate 7 - (-9 + 13) - (0 + 5).
-2
Calculate 28 - 32 - (2 - (16 + -3)).
7
-2 - 8 - 2 - (-5 - 0)
-7
Evaluate 7 - (-9 + 12) - (-1 + 0).
5
What is the value of (7 - 1) + -92 + 93?
7
What is (4 - -1 - 3) + -5 - -5?
2
What is the value of (-10 + 3 - -1) + 9?
3
What is the value of 3 + 2 + -2 + 1?
4
What is the value of 0 + (0 - (-3 + 3))?
0
Calculate -2 - (-4 + 0 + 1 + 3).
-2
(6 - 7) + 0 + 1 - 2
-2
Calculate -7 + (0 - -6) - 3.
-4
(-3 - -5 - 0) + -1 + -2
-1
-3 - (5 - (-3 + 8))
-3
What is the value of 5 + -12 + (-6 - -15)?
2
What is (55 - 45) + (-9 - -1) + 5?
7
Calculate -1 + -3 - (-5 - (-8 + 2)).
-5
38 + -44 + (-1 - -1 - -2)
-4
-1 + (2 - -2 - 0)
3
What is 3 + -4 + -5 + 11 + -12?
-7
Evaluate -5 - (0 - 2) - (0 + 3).
-6
-4 + (3 + -6 - (4 + -10))
-1
Calculate 3 + -4 + 0 + 4 + -6.
-3
What is 3 - ((4 - 2) + 0 + -2)?
3
What is the value of -1 + 0 + 20 + -15 + -2?
2
Evaluate 0 - -8 - (-2 - -6).
4
What is 1 + -5 + (5 - 10) + 3?
-6
-1 - -6 - (0 - -2) - 1
2
Evaluate 1 + -1 - 4 - (22 - 30).
4
Evaluate -5 + -3 + 5 + -3 + 6.
0
Evaluate -6 + (9 - 5 - 4).
-6
Evaluate -8 + -2 + 10 + -4.
-4
What is -1 - ((7 - 3) + 0 + -4)?
-1
Evaluate -4 + -1 + 3 + 10 + -8.
0
Evaluate -4 + (-7 - -3) - -15.
7
What is the value of 10 - (-2 - 0 - -3 - -3)?
6
What is -2 + (-1 - -4) - -1?
2
What is 2 + 6 + -7 + (-2 - 1)?
-2
Calculate 2 + -3 + (-1 - -6).
4
What is the value of (1 + (-7 - -4) - -1) + -1?
-2
-4 - (-5 + 6) - -6
1
Evaluate 3 + -4 - -5 - 1.
3
What is the value of 2 + -1 - (-12 + 5 + 5)?
3
1 - 5 - (4 + 1 - 10)
1
Calculate 16 + -8 + (-2 - 2).
4
What is the value of (18 - 15) + -3 + (-1 - -3)?
2
What is (39 - 47) + (1 - 3) + 7?
-3
What is (3 - -1) + -2 + -1?
1
What is 3 - (11 - (-4 + 12 + -3))?
-3
(1 - -4 - 1) + -5 - 0
-1
Evaluate (1 - (3 + -4)) + (-4 - -1).
-1
Calculate 4 + (-3 - (-7 - -5 - 1)).
4
(4 - -7) + -9 + (-2 - 5)
-5
(-5 - (1 - 7)) + -5
-4
2 + (-1 - -4 - (0 + -2))
7
(-6 - 0) + (6 - 3)
-3
-4 + (-6 - (5 + -6)) + 13
4
Evaluate -3 + 1 + 1 + (-74 - -80).
5
Evaluate 3 + (6 - (11 - 1)).
-1
What is the value of 2 + (3 - (4 - -3))?
-2
(19 + -15 - -3) + 2 + -1
8
Evaluate -2 - (3 + -6 - 3).
4
What is -3 + (-8 - (-7 - 5))?
1
What is the value of -49 + 40 - (-4 - -1)?
-6
What is 34 + -41 + 1 + 0 + 6?
0
13 - (6 - 3 - -5)
5
What is 4 - ((-10 - -10) + 8)?
-4
What is 1 + -1 + (-2 - -7) + -2?
3
-5 + 2 + -2 + -8 + 11
-2
Calculate 13 - ((14 - 4) + -4).
7
Calculate 0 + (-11 - (3 + -3) - -6).
-5
What is the value of 2 - ((-5 - -6 - 6) + 3)?
4
What is -2 + -3 + 9 + 3?
7
Calculate 1 + -4 + 3 + (0 - -4).
4
What is the value of 5 - (-1 + 2 + 2 + 0)?
2
What is the value of (3 - 7 - 0 - -5) + 2?
3
What is the value of 13 + -17 - (3 - 1 - 3)?
-3
What is -1 - (3 - (-1 + -3 + 8))?
0
Evaluate -2 + 3 + -5 - 1 - 1.
-6
Calculate (-5 - -3 - -1 - 0) + 6.
5
-1 + (1 - 2) + (9 - 3)
4
Calculate -3 + -4 - (6 - 10).
-3
Calculate 1 - (1 + 4 + -2 - 2).
0
What is (12 + -6 - 5) + -9?
-8
What is the value of 6 + (1 - 2) + (-2 - -1)?
4
2 - (-12 - (-7 + -1))
6
What is -1 - (-1 + 0 + 3)?
-3
What is the value of -5 - (-5 - (1 - (1 - 4)))?
4
Evaluate -11 + -6 + 18 + (8 - 0).
9
Calculate 21 + -25 + (1 - 2).
-5
What is the value of -8 + (22 - 9) + -8 + -8?
-11
Evaluate 55 - 59 - ((-3 - -1) + -2).
0
Evaluate -1 + 1 + (-1 - 0) + -2.
-3
What is (5 - 6) + 0 + 2 + 0?
1
Calculate 2 + (1 - 2) - (0 + -2).
3
What is the value of 10 + -28 + -1 + 10?
-9
Calculate 10 - 10 - -7 - 6.
1
What is 2 - 4 - (6 + -2)?
-6
What is 1 + (7 - 1) + -4?
3
Calculate -1 + -3 + (3 - (-4 + 3)).
0
What is the value of 1 + -2 - (4 - (4 - -4))?
3
Evaluate (7 - 7) + (5 - 10).
-5
-25 + 25 + -5 + (-2 - -2)
-5
Evaluate -2 - (-2 + -3 - (1 + -2)).
2
What is the value of 19 - 9 - (15 - 0)?
-5
Evaluate -3 + -1 + (11 - 6 - 4).
-3
What is the value of (3 - 6) + 6 + (2 - 0)?
5
-3 - (2 + 2 - 9)
2
(0 - ((1 - 0) + 1)) + 1
-1
What is -3 + (-1 - -1 - -2) + -4?
-5
Evaluate (0 - -3) + -10 - (-3 - 1).
-3
What is -5 - (8 + -3 + -4 + 0)?
-6
0 + -3 + 2 - (-4 + 8)
-5
(88 - 90) + 1 + 9
8
Evaluate 1 + 3 - (-15 - -18).
1
Calculate 1 - (-3 + 2 + -1) - 8.
-5
What is the value of 0 - (0 + -4) - -1?
5
What is (-12 - -6) + (0 - -2)?
-4
Calculate (3 - (1 - 4 - -3)) + 4.
7
Calculate 2 - (-12 - -6) - 5.
3
What is -3 - (-1 + -1 + 2) - -7?
4
Evaluate 0 + 4 + (-1 - 2) + -6.
-5
Evaluate 4 - (-4 + 1) - 2.
5
Evaluate -3 + (5 - ((-16 - -7) + 7)).
4
What is the value of (9 + 2 - 6) + -1?
4
-6 - (7 + -19 + 4)
2
12 + 14 + -12 + -9
5
Calculate 5 + (22 - 21 - (-2 + 0)).
8
What is the value of -7 - (9 + 4 + -9 - 8)?
-3
-12 + 11 - -5 - (5 - -1)
-2
What is the value of 2 - (-5 - (4 + -6))?
5
What is -4 - ((3 - 6) + -6) - 1?
4
-2 - (0 + 0 + -2 + 0)
0
What is the value of 17 + (3 - (14 + -1 + -4))?
11
What is 8 - 1 - (-13 + 21)?
-1
Evaluate 5 + -1 - (-19 - -22).
1
What is -5 + (18 + -7 - 3)?
3
What is the value of -1 + (3 - 1) - -4?
5
Evaluate 5 + (-1 - 0) - 4 - -1.
1
Evaluate 2 + (4 - 5 - 4).
-3
5 + -2 + (-1 - -2)
4
Evaluate -4 + (-14 - -5 - -8).
-5
What is -64 + 66 - (0 + 0)?
2
What is -4 + 5 - (1 + -2)?
2
What is the value of 6 - (-4 - (6 + 0 - 7))?
9
What is the value of -5 + 0 + 19 + -4 + -4?
6
What is the value of (3 - -5) + -9 + (4 - -2)?
5
What is the value of -6 - (-4 + -3 + 6)?
-5
What is (32 - 32) + (0 + 5 - 2)?
3
What is 0 + -3 - -3 - (-3 + -1)?
4
Evaluate -21 + 22 + (3 + -1 - 8).
-5
What is 3 + -14 + -1 + 8?
-4
-1 + -6 + 11 + 4
8
(5 + -1 - 6) + 2 - 2
-2
What is the value of -3 + (1 + 1 - 0) + -1?
-2
What is 5 - (-8 + 2 + 8) - 0?
3
Evaluate 7 + -9 + 6 + 3.
7
What is the value of -29 - -35 - (-3 - 1)?
10
Calculate -6 - (-5 + -6 + -4).
9
Evaluate -9 - -6 - (-3 - 3).
3
What is the value of (12 - 0) + -123 + 112?
1
What is -5 + (8 - -4) + -5?
2
What is 1 - -3 - (21 - 19)?
2
What is the value of 0 + 7 - (6 + -2)?
3
(6 - (1 - 1)) + (0 - 3)
3
1 - -2 - (8 - 6) - 1
0
What is -4 + 5 + -5 + 0?
-4
-1 + (-3 - (0 + -3)) - -3
2
What is the value of 0 + (5 + -2 - (9 - 8))?
2
What is the value of -3 + 2 + 0 - (14 + -14)?
-1
What is (2 - 5) + (-8 - -1 - -5)?
-5
Evaluate -7 - (-1 + -6 + 4 + 0).
-4
What is the value of (5 - (-5 + 10)) + 0 + 2?
2
Calculate 0 - (1 - 3 - (2 + -2)).
2
What is the value of -5 + (4 - -2) - -1?
2
Evaluate -6 + (1 + 3 - 3).
-5
What is (1 - -4 - 6) + (2 - 2)?
-1
-3 + (-5 + 1 - -4)
-3
What is the value of (8 - 7) + (1 - 4)?
-2
What is the value of (-1 - -4) + (0 + 5 - 3)?
5
Evaluate 5 + (2 - 9) - -13.
11
What is the value of (9 - (9 - 5)) + -3 - 6?
-4
Calculate -19 - -6 - (-7 - 4).
-2
2 + 6 + 3 + -8
3
Calculate (3 - (14 - 6)) + (8 - -2).
5
Calculate (-1 - 4) + 3 - 3 - -10.
5
Calculate (0 - 0) + -4 + (1 - 2).
-5
What is the value of 5 - 13 - -1 - 1?
-8
What is 8 - (9 + 11) - -5?
-7
Evaluate 3 - (0 + 3) - (-8 - -9).
-1
Calculate (6 + -6 - -5) + -6 + -2.
-3
What is the value of 3 - ((14 - 13) + 10)?
-8
(-1 - (9 + -7)) + 3
0
Evaluate (-3 - -1 - -7) + -16 + 2.
-9
What is -8 - (-3 + -6 + 5 + 0)?
-4
Evaluate (1 + 5 - (5 + -2)) + 5.
8
What is (7 + -8 - -7) + 0?
6
What is 1 + (-1 - (6 - 3)) - -7?
4
3 - (1 - (-6 - -10))
6
What is the value of -1 - (-1 + 5 + -5)?
0
Evaluate -5 + -3 + -6 + 7.
-7
Calculate 120 + -116 + 0 + -5.
-1
What is the value of -7 - (-3 - -6 - (-11 + 10))?
-11
What is (0 - -4) + -6 + 1?
-1
Calculate -1 - (-2 - 5) - 11.
-5
What is the value of (5 - 11 - (-3 + 5)) + 2?
-6
Evaluate (-6 - 5) + 4 + 2.
-5
What is the value of (2 - 5) + (1 - -1)?
-1
What is the value of -1 + 5 + -3 + (1 - 4)?
-2
What is -6 + 19 - (6 + -1)?
8
Calculate 11 + (-10 - -15) + -5.
11
What is the value of 4 + 3 - (-1 - 5 - -9)?
4
What is -1 - (4 + -2) - -4 - -4?
5
Evaluate -9 + (-3 - -1) + (0 - -6).
-5
Evaluate (0 - (-8 + -1)) + 3 + -6.
6
What is -4 - (-5 + (5 - (0 + 3)))?
-1
Evaluate -9 - 1 - (13 + -25 - -9).
-7
What is (-2 - -6) + -6 + 8 - 7?
-1
What is the value of -5 - (-2 + -3) - (3 + 0)?
-3
Evaluate 4 + -1 - (-2 - -8).
-3
What is the value of -3 + 1 - -3 - -2?
3
What is -2 - (-4 - (2 + -10))?
-6
What is 5 + (-1 - (-1 + 1))?
4
What is -1 + (4 - 3 - -1 - -2)?
3
What is the value o